mine d(-6).
2
Let k(n) = -n**3 + 5*n**2 + n - 10. What is k(5)?
-5
Let b(y) = 6*y + 3. Calculate b(-1).
-3
Let k(s) = -s**3 + 5*s**2 + 7*s - 10. What is k(6)?
-4
Let u(y) = -y**3 + 2*y**2 + 3*y - 4. Determine u(1).
0
Let r(i) = i**3 - 3*i**2 - 7*i + 5. Give r(5).
20
Let i(q) = -38*q. Determine i(1).
-38
Let j(w) = w**3 + 9*w**2 + 4*w + 2. Determine j(-8).
34
Let d(m) = -3*m**2 - 2*m + 2. What is d(1)?
-3
Let i(s) = -2*s**3 + 16*s**2 - 7*s - 6. What is i(6)?
96
Let t(s) = s**2 + s - 45. What is t(-7)?
-3
Let r(i) = 6*i**2 + 193*i + 27. What is r(-32)?
-5
Let p(w) = 186*w + 940. What is p(-5)?
10
Let r(o) = -6*o**2 + 5*o - 6. Give r(3).
-45
Let m(d) = -d**2 - 7*d - 10. Calculate m(-4).
2
Let t(j) = j**3 + 9*j**2 - j - 17. What is t(-9)?
-8
Let l(v) = -21*v - 68. Calculate l(-7).
79
Let r(m) = -4*m**2 - 26*m - 5. What is r(-6)?
7
Let v(k) = 4*k - 166. Calculate v(35).
-26
Let h(y) = 14*y**3 - y**2 + 1. Calculate h(-1).
-14
Let l(q) = -61*q - 362. Calculate l(-6).
4
Let q(u) = -u**2 - 14*u - 11. What is q(-9)?
34
Let l(t) = t**2 + t. Give l(-1).
0
Let b(o) = -14*o - 10. Calculate b(-4).
46
Let l(i) = -i**2 + 6*i. Give l(4).
8
Let a(c) = -9*c**2 + 2*c. What is a(1)?
-7
Let r(u) = -6*u + 101. What is r(13)?
23
Let a(j) = -j + 16. What is a(15)?
1
Let q(p) = 15*p - 37. Determine q(-8).
-157
Let n(s) = s**2 + 8*s + 7. What is n(-7)?
0
Let r(g) = -g**2 - 5*g + 10. Give r(-6).
4
Let n(z) = -z**3 - 12*z**2 - 13*z - 15. Determine n(-11).
7
Let u(x) = -5*x**2 + 9. Determine u(3).
-36
Let a(c) = -31*c - 54. Calculate a(-2).
8
Let t(g) = g**2 - 52*g - 408. Determine t(-7).
5
Let q(m) = -2*m**2 - 8*m - 15. Calculate q(-7).
-57
Let q(x) = x**3 - 14*x**2 - 32*x + 32. Calculate q(16).
32
Let w(z) = -2*z - 17. Determine w(-18).
19
Let n(s) = 8*s - 8. Determine n(2).
8
Let q(m) = m + 20. Determine q(-6).
14
Let h(u) = 11*u - 10. Give h(-2).
-32
Let y(h) = h**2 + 11*h - 1. Determine y(-8).
-25
Let c(k) = -5*k - 9. What is c(5)?
-34
Let p(w) = -w**3 - 22*w**2 - 3*w - 70. Calculate p(-22).
-4
Let j(v) = 3*v - 14. Determine j(2).
-8
Let v(t) = -t**3 + 4*t**2 + 2*t + 12. Determine v(5).
-3
Let f(o) = -o**2 + 9*o - 8. Give f(9).
-8
Let g(o) = -o**3 - 2*o**2 + 9*o + 5. What is g(-4)?
1
Let r(b) = -b**2 + 2*b + 32. Give r(6).
8
Let h(r) = -24*r - 619. Determine h(-26).
5
Let n(g) = 13*g + 2. Give n(0).
2
Let z(x) = -x**3 - 5*x**2 + 24*x + 4. Give z(-8).
4
Let k(f) = 10*f - 86. Determine k(13).
44
Let a(y) = 4*y**2 - 25*y + 6. Give a(6).
0
Let p(j) = -2*j - 18. Determine p(-18).
18
Let c(t) = -14*t - 13. Determine c(-7).
85
Let q(l) = -l**2 + 10*l - 3. Calculate q(5).
22
Let i(p) = -p**3 - 6*p**2 + 19*p + 30. Determine i(-8).
6
Let y(z) = z**3 + 8*z**2 - 11*z - 2. What is y(-10)?
-92
Let f(d) = 2*d + 5. Calculate f(5).
15
Let r(l) = -l**3 + 15*l**2 - 26*l - 20. Calculate r(13).
-20
Let q(i) = i**3 + 4*i**2 - 2*i - 3. What is q(-2)?
9
Let w(s) = -s**3 + 16*s**2 - 17*s + 30. Determine w(15).
0
Let u(m) = -3*m - 10. Calculate u(-5).
5
Let y(f) = 6*f**2 + 51*f - 5. Give y(-9).
22
Let w(k) = -k - 15. Determine w(-9).
-6
Let s(f) = -f**2 + 7*f - 5. Determine s(6).
1
Let v(j) = -j**3 + 5*j**2 + 6*j + 4. Give v(6).
4
Let l(z) = z**2 - 19*z + 3. What is l(20)?
23
Let o(u) = -2*u**2 + 87*u - 253. What is o(3)?
-10
Let s(j) = -j**3 - 10*j**2 - 8*j - 8. Calculate s(-9).
-17
Let p(d) = -d - 43. Calculate p(0).
-43
Let q(x) = x**3 + 6*x**2 + 12*x + 31. Determine q(-5).
-4
Let z(p) = p**3 + 3*p**2 - 2*p - 2. Give z(-3).
4
Let p(b) = -6*b - 1. Determine p(-3).
17
Let m(l) = l**3 - 3*l**2 + 8*l - 13. What is m(2)?
-1
Let h(z) = -3*z**3 + z**2 - z + 1. What is h(1)?
-2
Let p(c) = -3*c + 2. What is p(5)?
-13
Let q(t) = 2*t**3 - 3*t**2 + 13*t - 21. What is q(2)?
9
Let u(l) = 3*l**2 - 6*l + 7. What is u(1)?
4
Let c(v) = 3*v**2 - 1. What is c(4)?
47
Let w(q) = -q + 30. What is w(0)?
30
Let f(j) = -2*j**2 + 6*j + 2. What is f(4)?
-6
Let c(o) = 49*o - 99. What is c(5)?
146
Let t(a) = 3*a**2 - 46*a + 15. Determine t(15).
0
Let b(x) = -10*x + 1. Calculate b(-2).
21
Let p(v) = -v**2 + v - 3. Calculate p(-2).
-9
Let r(u) = -12*u - 4. What is r(-1)?
8
Let r(b) = 17*b - 7. What is r(-1)?
-24
Let v(b) = 2*b**2 + 8*b + 3. Give v(-5).
13
Let l(r) = -r**3 + 4*r**2 + 31*r + 9. What is l(8)?
1
Let t(h) = h**2 + 2*h - 5. What is t(-3)?
-2
Let q(z) = -13*z**2 + 16*z - 16. Calculate q(1).
-13
Let d(s) = s**2 + 2*s + 4. Give d(-2).
4
Let q(y) = y**2 - 6*y + 1. Determine q(4).
-7
Let t(f) = f**3 - 10*f**2 - 23*f. Determine t(12).
12
Let o(j) = 3*j - 21. Calculate o(9).
6
Let i(z) = 5*z - 23. What is i(8)?
17
Let p(b) = b**3 + 19*b**2 - 19*b + 13. Give p(-20).
-7
Let a(v) = v**3 - 34*v**2 + 33*v + 1. Calculate a(33).
1
Let t(p) = 18*p**2 + 2*p - 3. What is t(1)?
17
Let o(x) = 4*x - 80. Calculate o(16).
-16
Let s(n) = -n**3 - 9*n**2 - 10*n - 5. Give s(-7).
-33
Let o(j) = j**2 - 34*j + 153. Give o(5).
8
Let c(f) = f**2 - 3*f - 3. Calculate c(5).
7
Let k(r) = -r**3 + 13*r**2 - 10*r + 3. Calculate k(12).
27
Let d(t) = t**2 - 6*t. Determine d(5).
-5
Let j(t) = -3*t + 37. What is j(12)?
1
Let g(d) = 3*d + 32. What is g(-9)?
5
Let d(j) = -j + 24. Determine d(12).
12
Let r(a) = -5*a + 33. Give r(-6).
63
Let y(c) = -c**3 - 8*c**2 + 6*c + 2. Determine y(-9).
29
Let x(s) = s**2 - s - 12. What is x(-7)?
44
Let g(y) = y**3 - 8*y**2 + 6*y - 5. Give g(7).
-12
Let o(r) = r**2 - 15*r - 80. What is o(19)?
-4
Let n(t) = -4*t - 139. Give n(0).
-139
Let p(q) = -8*q - 26. Determine p(0).
-26
Let t(r) = -r**3 + r**2. What is t(1)?
0
Let s(b) = -3*b + 84. Give s(26).
6
Let z(j) = 21*j - 156. What is z(7)?
-9
Let f(y) = -y**2 - 9*y + 3. Determine f(-10).
-7
Let s(r) = r**3 - 2*r**2 - 3. Determine s(3).
6
Let x(q) = q**2 - 26*q - 448. Determine x(38).
8
Let m(v) = -v**3 - 6*v**2 - 7*v + 5. Determine m(-5).
15
Let q(n) = -n**2 + 19*n - 19. Determine q(1).
-1
Let f(s) = -9*s - 2. Determine f(-1).
7
Let a(w) = -w - 21. Determine a(-14).
-7
Let p(y) = y**2 + 61*y - 718. What is p(10)?
-8
Let s(i) = 2*i - 16. Determine s(-34).
-84
Let w(l) = -12*l - 927. What is w(-77)?
-3
Let f(n) = 2*n + 20. Determine f(-10).
0
Let t(x) = -2*x**3 + 21*x**2 - 12*x + 21. Give t(10).
1
Let m(o) = 6*o + 30. Calculate m(-7).
-12
Let y(k) = k**3 - 19*k**2 + 34*k - 2. Calculate y(17).
-2
Let u(h) = h + 12. Give u(-7).
5
Let g(c) = c**3 - 2*c**2 + 2*c + 4. Give g(3).
19
Let y(o) = o**2 + 28*o - 343. Give y(-37).
-10
Let f(c) = c + 1. Give f(4).
5
Let l(o) = -o**3 - 8*o**2 + 8*o + 4. Give l(-9).
13
Let s(t) = 7*t - 12. Calculate s(5).
23
Let j(z) = -2*z. Calculate j(6).
-12
Let u(k) = k - 9. Give u(3).
-6
Let g(o) = o**2. Calculate g(6).
36
Let w(x) = 2*x**3 - 11*x**2 + 19*x - 77. What is w(5)?
-7
Let y(z) = -3*z**2 - z + 2. What is y(-2)?
-8
Let z(r) = 6*r - 23. What is z(6)?
13
Let v(l) = -6*l + 21. What is v(6)?
-15
Let l(h) = h**3 - 11*h**2 + 7*h - 74. What is l(11)?
3
Let t(x) = 3*x**2 + 13*x - 5. Give t(-5).
5
Let r(a) = a - 9. What is r(8)?
-1
Let o(k) = -k**3 + 30*k**2 + 32*k - 5. Determine o(31).
26
Let k(f) = 2*f**2 + 17*f - 52. Give k(3).
17
Let p(t) = -t**2 - 40*t + 329. What is p(-47)?
0
Let o(y) = 3*y**3 - 29*y**2 - 11*y. Determine o(10).
-10
Let v(b) = 26*b - 179. Determine v(7).
3
Let s(b) = -b**2 + 8*b + 13. What is s(5)?
28
Let x(p) = p**2 + 8*p - 155. Determine x(-18).
25
Let p(g) = 2*g**2 - 3*g - 15. Give p(4).
5
Let p(f) = f**3 + 7*f**2 + f + 6. What is p(-7)?
-1
Let b(k) = -2*k**3 - 19*k**2 + 11*k + 17. What is b(-10)?
7
Let p(y) = -2*y**2 - 25*y - 9. Calculate p(-12).
3
Let v(w) = 8*w - 15. Calculate v(10).
65
Let g(s) = -6*s**2 - 3*s - 3. Determine g(-2).
-21
Let f(t) = -t**3 - 7*t**2 + 10*t - 2. Determine f(-8).
-18
Let w(b) = b**3 + 26*b**2 + 28*b + 69. Determine w(-25).
-6
Let h(t) = -t**3 + 7*t**2 + 18*t + 11. Calculate h(10).
-109
Let h(n) = -4*n**2 - 5*n + 3. Give h(-2).
-3
Let a(w) = 2*w**2 - w - 11. What is a(-2)?
-1
Let z(n) = -n**3 - 5*n**2 + 29*n - 9. Give z(3).
6
Let s(v) = 4*v + 15. Calculate s(0).
15
Let u(c) = -70*c - 425. Determine u(-6).
-5
Let z(s) = 2*s - 3. Calculate z(-1).
-5
Let h(n) = -n**2 + 10*n + 2. Give h(10).
2
Let b(o) = -o**2 + 10*o - 17. Determine b(6).
7
Let v(c) = c**2 + 10*c + 9. Determine v(-9).
0
Let q(k) = k**2 - 8*k + 3. What is q(5)?
-12
Let t(u) = u**3 - 11*u**2 + 31*u - 13. What is t(6)?
-7
Let j(w)